) to base 6
-10421021
Convert 10569888 (base 10) to base 5.
10201214023
What is -22011130011 (base 4) in base 2?
-1010000101011100000101
Convert -177615 (base 8) to base 2.
-1111111110001101
-101232300 (base 4) to base 7
-421506
What is -130430 (base 5) in base 12?
-2b63
-201021212211 (base 3) to base 9
-637784
-923b73 (base 12) to base 11
-1322962
Convert 300582 (base 9) to base 10.
177626
What is 113343201 (base 6) in base 3?
11000011002201
What is 111010111101011010011 (base 2) in base 6?
105224215
What is 331555 (base 7) in base 9?
87814
Convert -a370 (base 15) to base 16.
-86e2
What is -35b5c (base 13) in base 11?
-680a0
-260268 (base 9) to base 2
-100110011111111000
What is -2022020111 (base 3) in base 8?
-130475
Convert -1210103110 (base 4) to base 6.
-12450004
What is 23411403 (base 5) in base 12?
a533a
What is -52526651 (base 8) in base 6?
-1035425025
What is -168e6 (base 15) in base 16?
-11cbb
Convert 4344142412 (base 5) to base 9.
18553762
10547280 (base 10) to base 3
201211212011000
What is -42405441 (base 6) in base 7?
-13404634
Convert 10101100100000011 (base 2) to base 15.
1b283
-437a04 (base 11) to base 10
-698658
4a9a0b (base 12) to base 4
10221301223
Convert a960 (base 16) to base 4.
22211200
d8228 (base 14) to base 11
327033
What is -60c9 (base 15) in base 4?
-10333113
Convert 3227733 (base 8) to base 14.
186d3d
Convert -2893234 (base 12) to base 5.
-4041423020
Convert -1130021121 (base 4) to base 9.
-634660
-1271712 (base 9) to base 4
-2222013011
What is -11a268 (base 15) in base 4?
-3032020022
1003022202 (base 4) to base 10
275106
Convert 11b87 (base 16) to base 13.
27064
What is -4340541 (base 7) in base 9?
-888223
Convert -26b7ec (base 16) to base 11.
-1483475
Convert 170313 (base 9) to base 16.
19b0f
Convert 531778 (base 9) to base 15.
63ab5
Convert 11dc6 (base 14) to base 15.
d007
Convert -148677 (base 9) to base 12.
-45081
10000311231 (base 4) to base 15
15ba93
Convert -44d048 (base 16) to base 13.
-c1b903
Convert -120100211 (base 4) to base 7.
-562460
What is 707c8 (base 13) in base 11?
128247
224531 (base 12) to base 3
1000210002001
What is -6a367 (base 14) in base 7?
-2124660
Convert 15b774 (base 15) to base 16.
100aad
Convert -3757809 (base 11) to base 14.
-c1c17d
Convert -50724 (base 16) to base 8.
-1203444
What is -242290 (base 13) in base 8?
-3222757
Convert -1001101000111000001 (base 2) to base 4.
-1031013001
What is 10521 (base 6) in base 15?
694
What is -1414105041 (base 6) in base 11?
-9827456
Convert 154453362 (base 7) to base 3.
201122002011100
What is 85030 (base 9) in base 15?
11990
What is -142453125 (base 7) in base 12?
-3181149
38995 (base 10) to base 14
102d5
Convert 65444236 (base 7) to base 13.
1214659
Convert -2112202432 (base 5) to base 15.
-5c27b2
What is -651b7 (base 12) in base 5?
-13231324
Convert 6970a1 (base 12) to base 14.
3207b3
Convert 4340101 (base 5) to base 8.
221241
Convert -217031 (base 8) to base 3.
-10201110122
Convert 100101111101001101101 (base 2) to base 13.
347168
343202211 (base 5) to base 7
16033254
42442261 (base 7) to base 8
15605131
What is -a1153 (base 11) in base 2?
-100100000111010000
What is -232330113 (base 4) in base 16?
-2ef17
Convert -101320022301 (base 4) to base 14.
-89dcad
Convert 1a591b (base 15) to base 9.
2367058
-12111022030 (base 4) to base 10
-1659532
What is -4144488 (base 9) in base 6?
-115243425
What is -1270600 (base 8) in base 7?
-3014022
1414432 (base 6) to base 2
10011100011010100
What is -10301013210 (base 4) in base 5?
-304443024
What is 89482 (base 11) in base 6?
2440213
15055024 (base 6) to base 9
873347
Convert 2323003121 (base 4) to base 2.
10111011000011011001
1690662 (base 12) to base 4
101303102222
12051a (base 12) to base 2
1000111000011100110
-219b26 (base 13) to base 5
-200332221
What is 422456 (base 7) in base 12?
36275
Convert 33030100 (base 4) to base 9.
104317
11110204 (base 5) to base 12
48556
107218 (base 13) to base 2
1011110011111010111
What is -122230121330 (base 4) in base 15?
-933588
What is 60556 (base 8) in base 7?
132501
Convert -72623 (base 11) to base 10.
-105900
Convert 128a1 (base 15) to base 7.
334651
-3171c (base 14) to base 4
-131021132
-211201220122 (base 4) to base 6
-550502014
What is -1b609 (base 14) in base 16?
-11099
-69918 (base 10) to base 13
-25a94
4b2c7 (base 15) to base 4
322222012
61285a0 (base 11) to base 9
22337373
What is 100101100011111110 (base 2) in base 7?
1210361
1101201112 (base 3) to base 12
13ab8
Convert -2a01389 (base 12) to base 11.
-4860050
Convert -cde27a (base 15) to base 3.
-200110211100221
-110021112011 (base 3) to base 9
-407464
-4334bd (base 16) to base 14
-82916d
What is 98060 (base 10) in base 7?
555614
What is -7db88d (base 16) in base 11?
-47182a3
What is 11321023233 (base 4) in base 13?
42128a
-1055932 (base 10) to base 15
-15cd07
What is -110132011123 (base 4) in base 11?
-30356aa
Convert 556662 (base 8) to base 4.
231312302
What is -97996 (base 11) in base 7?
-1131545
Convert -4a80c0 (base 15) to base 8.
-15476362
Convert 12a43 (base 13) to base 9.
52535
Convert 3cf90 (base 16) to base 5.
30442434
21111010001 (base 3) to base 9
244101
2961270 (base 11) to base 6
300532045
What is -10200101 (base 4) in base 6?
-221225
Convert -532560 (base 11) to base 6.
-30134451
4754203 (base 8) to base 6
43513203
13125131 (base 6) to base 11
275139
What is -215332 (base 7) in base 4?
-21100030
Convert 3603caa (base 13) to base 3.
1011110022100002
-111211201010 (base 3) to base 11
-176757
Convert 2550573 (base 8) to base 5.
140141422
Convert c9a036 (base 15) to base 8.
44501606
Convert 11526 (base 15) to base 2.
1101011101111001
What is -10020002003 (base 4) in base 9?
-2027448
What is -322230331 (base 4) in base 2?
-111010101100111101
-2329a4 (base 12) to base 7
-4541332
446635 (base 8) to base 7
1166030
-733158 (base 14) to base 10
-3888522
What is -1110010101100101000 (base 2) in base 8?
-1625450
What is 1202322042 (base 5) in base 12?
b1a94a
What is -169715 (base 16) in base 12?
-5b4905
Convert 14347 (base 12) to base 8.
66747
dbd0 (base 15) to base 5
2442140
24214132 (base 5) to base 14
5c5cb
1359064 (base 10) to base 14
275400
Convert -21102012010 (base 3) to base 6.
-3043350
What is 2484 (base 12) in base 5?
113012
Convert 3516919 (base 10) to base 15.
4970b4
What is -391e2 (base 15) in base 9?
-307535
What is -2130310 (base 5) in base 9?
-54746
Convert -6075233 (base 8) to base 9.
-3014551
Convert 12101102120 (base 3) to base 12.
51429
-100000022110002 (base 3) to base 14
-8c9447
-32a6692 (base 11) to base 16
-586108
What is -21213223 (base 4) in base 8?
-114753
-43897 (base 13) to base 10
-122311
1210443440 (base 5) to base 11
1661795
Convert 298a83 (base 11) to base 7.
3650035
What is -327955 (base 11) in base 12?
-212731
Convert 23244401 (base 5) to base 2.
110011110111111100
Convert -16a89 (base 12) to base 10.
-32649
Convert -1533616 (base 9) to base 11.
-52aa00
-401052350 (base 6) to base 5
-3213202140
78885 (base 11) to base 5
12123241
What is -4334303 (base 7) in base 10?
-529742
429df4 (base 16) to base 13
b9b229
Convert -b8077 (base 13) to base 2.
-1010001000001000101
Convert 14214213 (base 5) to base 8.
441132
Convert 4454876 (base 9) to base 8.
11114276
What is -8af700 (base 16) in base 11?
-5160413
333023003 (base 4) to base 10
258755
3233752 (base 10) to base 14
6026a4
What is -61c970 (base 13) in base 2?
-1000101101101100000111
Convert -602615 (base 8) to base 13.
-6c1a0
What is 267c7a (base 16) in base 10?
2522234
-316645 (base 11) to base 10
-506555
4c875 (base 14) to base 7
1412605
Convert 4123 (base 11) to base 10.
5470
12022222100121 (base 3) to base 7
33042022
Convert -d884d3 (base 14) to base 8.
-33734551
What is -43322121 (base 6) in base 7?
-13634413
103213330 (base 4) to base 13
2a781
-205655 (base 10) to base 9
-343085
What is -1140715 (base 9) in base 16?
-96b63
3261182 (base 10) to base 13
8a24c2
What is 22126050 (base 9) in base 12?
3703316
-1b4e9e (base 16) to base 5
-424231343
Convert 111221101220 (base 3) to base 16.
42fde
Convert 101030221 (base 5) to base 2.
1100011101001111010
-110101011111110111001111 (base 2) to base 15
-137047d
Convert -887b (base 14) to base 13.
-a9a8
105203213 (base 6) to base 4
13112333121
Convert cd148 (base 16) to base 2